{"id":6,"date":"2010-12-20T21:54:34","date_gmt":"2010-12-20T20:54:34","guid":{"rendered":"http:\/\/localhost:8888\/wordpress_lokaal\/?page_id=6"},"modified":"2019-05-28T17:57:18","modified_gmt":"2019-05-28T16:57:18","slug":"cafe","status":"publish","type":"page","link":"http:\/\/www.cafetomtom.com\/","title":{"rendered":"Caf\u00e9"},"content":{"rendered":"<h2><strong>Caf\u00e9 Tom Tom<\/strong><\/h2>\n<p><strong>Caf\u00e9 Tom Tom is gevestigd op een schitterende lokatie aan de Maas in Rotterdam.<br \/>\nHet cafe is gelegen aan de voet&nbsp;van \u00e9\u00e9n van de oudste en mooiste watertorens van Nederland. Dit karakteristieke gebouw heeft een groot gedeelte van de Rotterdamse bevolking van 1875 tot en met 1977 voorzien van schoon drinkwater. &#8217;s Zomers biedt het ruime en zonnige&nbsp;terras van Tom Tom een rustiek uitzicht op de voormalige waterbekkens.<\/strong><\/p>\n<div class=\"flagallery phantom_skin\" id=\"FlaGallery_sc1_7\" style='width:900;'><style type=\"text\/css\" class=\"flagallery_skin_style_import\">#FlaGallery_sc1_7 .flagPhantom_ThumbContainer {width:200px; height:180px;}#FlaGallery_sc1_7 .flagPhantom_MobileView .flagPhantom_ThumbContainer {width:150px; height:135px;}#FlaGallery_sc1_7 .flagPhantom_Container {margin-left:auto;margin-right:auto;}#FlaGallery_sc1_7 .flagPhantom_ThumbContainer {margin:8px 0 0 8px;}#FlaGallery_sc1_7 .flagPhantom_ThumbContainer {padding:2px;}#FlaGallery_sc1_7 .flagPhantom_LabelBottom .flagPhantom_ThumbContainer {padding-bottom:36px;}#FlaGallery_sc1_7 .flagPhantom_ThumbContainer,#FlaGallery_sc1_7 .flagPhantom_LabelBottom .flagPhantom_ThumbLabel {background-color:#ffffff;}#FlaGallery_sc1_7 .flagPhantom_ThumbContainer .flagPhantom_Thumb {opacity:0.9;}#FlaGallery_sc1_7 .flagPhantom_ThumbContainer:hover .flagPhantom_Thumb {opacity:1;}#FlaGallery_sc1_7 .flagPhantom_ThumbContainer {border:1px solid #cccccc;}#FlaGallery_sc1_7 .flagPhantom_ThumbContainer {box-shadow:0 0 5px -2px #cccccc;}#FlaGallery_sc1_7 .flagPhantom_ThumbLabel {color:#0b0b0b;}#FlaGallery_sc1_7 .flagPhantom_ThumbLabel a {color:#3695E7;}#FlaGallery_sc1_7 .flagPhantom_LabelInside .flagPhantom_ThumbLabel,#FlaGallery_sc1_7 .flagPhantom_LabelHover .flagPhantom_ThumbLabel {color:#ffffff;}#FlaGallery_sc1_7 .flagPhantom_LabelInside .flagPhantom_ThumbLabel a,#FlaGallery_sc1_7 .flagPhantom_LabelHover .flagPhantom_ThumbLabel a,#FlaGallery_sc1_7 .flagPhantom_LabelInside .flagPhantom_ThumbLabel a:hover,#FlaGallery_sc1_7 .flagPhantom_LabelHover .flagPhantom_ThumbLabel a:hover {color:#e7e179;}<\/style> <div class=\"flagPhantom_Container noLightbox\" style=\"opacity:0\"> <h3>cafe<\/h3> <div class=\"flagPhantom_thumbsWrapper flagPhantom_ThumbScale flagPhantom_LabelHover\"> <div class=\"flagPhantom_ThumbContainer flagPhantom_ThumbLoader\" data-id=\"101\" data-ratio=\"1.5025041736227\" data-title=\"\" data-views=\"2285\" data-likes=\"0\"> <a href=\"http:\/\/www.cafetomtom.com\/wp-content\/flagallery\/cafe\/webview\/cafe00.jpg\" class=\"flagPhantom_Thumb\"><img decoding=\"async\" class=\"noLazy\" src=\"http:\/\/www.cafetomtom.com\/wp-content\/flagallery\/cafe\/thumbs\/thumbs_cafe00.jpg\" data-src=\"http:\/\/www.cafetomtom.com\/wp-content\/flagallery\/cafe\/webview\/cafe00.jpg\" alt=\"\"\/><\/a> <div class=\"flagPhantom_ThumbLabel\"> <span class=\"flagPhantom_ThumbLabel_title\"><\/span><\/div> <div style=\"display:none;\" class=\"flagPhantom_Details\"> <\/div> <\/div> <div class=\"flagPhantom_ThumbContainer flagPhantom_ThumbLoader\" data-id=\"102\" data-ratio=\"1.510067114094\" data-title=\"\" data-views=\"2580\" data-likes=\"1\"> <a href=\"http:\/\/www.cafetomtom.com\/wp-content\/flagallery\/cafe\/webview\/cafe01.jpg\" class=\"flagPhantom_Thumb\"><img decoding=\"async\" class=\"noLazy\" src=\"http:\/\/www.cafetomtom.com\/wp-content\/flagallery\/cafe\/thumbs\/thumbs_cafe01.jpg\" data-src=\"http:\/\/www.cafetomtom.com\/wp-content\/flagallery\/cafe\/webview\/cafe01.jpg\" alt=\"\"\/><\/a> <div class=\"flagPhantom_ThumbLabel\"> <span class=\"flagPhantom_ThumbLabel_title\"><\/span><\/div> <div style=\"display:none;\" class=\"flagPhantom_Details\"> <\/div> <\/div> <div class=\"flagPhantom_ThumbContainer flagPhantom_ThumbLoader\" data-id=\"103\" data-ratio=\"1.510067114094\" data-title=\"\" data-views=\"3038\" data-likes=\"0\"> <a href=\"http:\/\/www.cafetomtom.com\/wp-content\/flagallery\/cafe\/webview\/cafe03.jpg\" class=\"flagPhantom_Thumb\"><img decoding=\"async\" class=\"noLazy\" src=\"http:\/\/www.cafetomtom.com\/wp-content\/flagallery\/cafe\/thumbs\/thumbs_cafe03.jpg\" data-src=\"http:\/\/www.cafetomtom.com\/wp-content\/flagallery\/cafe\/webview\/cafe03.jpg\" alt=\"\"\/><\/a> <div class=\"flagPhantom_ThumbLabel\"> <span class=\"flagPhantom_ThumbLabel_title\"><\/span><\/div> <div style=\"display:none;\" class=\"flagPhantom_Details\"> <\/div> <\/div> <\/div> <\/div> <script type=\"text\/javascript\"> jQuery(function(){ var settings = {\"maxheight\":\"0\",\"thumbCols\":\"0\",\"thumbRows\":\"0\",\"thumbsNavigation\":\"scroll\",\"bgColor\":\"#ffffff\",\"bgAlpha\":\"0\",\"thumbWidth\":\"200\",\"thumbHeight\":\"180\",\"thumbWidthMobile\":\"150\",\"thumbHeightMobile\":\"135\",\"thumbsSpacing\":\"8\",\"thumbsVerticalPadding\":\"4\",\"thumbsHorizontalPadding\":\"4\",\"thumbsAlign\":\"center\",\"thumbScale\":\"1\",\"thumbBG\":\"#ffffff\",\"thumbAlpha\":\"90\",\"thumbAlphaHover\":\"100\",\"thumbBorderSize\":\"1\",\"thumbBorderColor\":\"#cccccc\",\"thumbPadding\":\"2\",\"thumbsInfo\":\"label\",\"labelOnHover\":\"1\",\"labelTextColor\":\"#ffffff\",\"labelLinkColor\":\"#e7e179\",\"label8TextColor\":\"#0b0b0b\",\"label8LinkColor\":\"#3695E7\",\"tooltipTextColor\":\"#0b0b0b\",\"tooltipBgColor\":\"#ffffff\",\"tooltipStrokeColor\":\"#000000\",\"lightboxControlsColor\":\"#ffffff\",\"lightboxTitleColor\":\"#f3f3f3\",\"lightboxTextColor\":\"#f3f3f3\",\"lightboxBGColor\":\"#0b0b0b\",\"lightboxBGAlpha\":\"80\",\"socialShareEnabled\":\"1\",\"deepLinks\":\"1\",\"sidebarBGColor\":\"#ffffff\",\"lightbox800HideArrows\":\"0\",\"viewsEnabled\":\"1\",\"likesEnabled\":\"1\",\"thumb2link\":\"0\",\"show_title\":\"1\",\"initRPdelay\":\"200\",\"key\":\"\",\"name\":\"\",\"mfp_css\":\"\\r\\n#mfp_gm_sc1_7 .mfp-arrow-right:after,\\r\\n#mfp_gm_sc1_7 .mfp-arrow-right .mfp-a {border-left-color:#ffffff;}\\r\\n#mfp_gm_sc1_7 .mfp-arrow-left:after,\\r\\n#mfp_gm_sc1_7 .mfp-arrow-left .mfp-a {border-right-color:#ffffff;}\\r\\n#mfp_gm_sc1_7 .mfp-close,\\r\\n#mfp_gm_sc1_7 .mfp-likes,\\r\\n#mfp_gm_sc1_7 .mfp-share {color:#ffffff;}\\r\\n#mfp_gm_sc1_7 .mfp-preloader {background-color:#ffffff;}\\r\\n#mfp_gm_sc1_7 .flagPhantom_title,\\r\\n#mfp_gm_sc1_7 .mfp-counter {color:#f3f3f3;}\\r\\n#mfp_gm_sc1_7 .flagPhantom_text {color:#f3f3f3;}\\r\\n#mfp_gm_sc1_7_bg.mfp-bg {background-color:#0b0b0b;}\\r\\n#mfp_gm_sc1_7_bg.mfp-bg {opacity:0.8;}\\r\\n#mfp_gm_sc1_7_bg.mfp-zoom-in.mfp-bg {opacity:0}\\r\\n#mfp_gm_sc1_7_bg.mfp-zoom-in.mfp-ready.mfp-bg {opacity:0.8;}\\r\\n#mfp_gm_sc1_7_bg.mfp-zoom-in.mfp-removing.mfp-bg {opacity:0}\"}; jQuery('#FlaGallery_sc1_7').flagPhantom([settings]); }); <\/script><\/div><noscript id=\"noscript_FlaGallery_sc1_7\"><img class=\"skip-lazy no-lazyload noLazy\" data-lazy-src=\"\" src =\"http:\/\/www.cafetomtom.com\/wp-content\/flagallery\/cafe\/cafe00.jpg\" alt=\"\" \/><img class=\"skip-lazy no-lazyload noLazy\" data-lazy-src=\"\" src =\"http:\/\/www.cafetomtom.com\/wp-content\/flagallery\/cafe\/cafe01.jpg\" alt=\"\" \/><img class=\"skip-lazy no-lazyload noLazy\" data-lazy-src=\"\" src =\"http:\/\/www.cafetomtom.com\/wp-content\/flagallery\/cafe\/cafe03.jpg\" alt=\"\" \/><\/noscript>\n<p><strong><a title=\"Interieurimpressies\" href=\"http:\/\/www.cafetomtom.com\/?page_id=957\">Klik hier voor interieurimpressies<\/a><\/strong><\/p>\n","protected":false},"excerpt":{"rendered":"<p>Caf\u00e9 Tom Tom Caf\u00e9 Tom Tom is gevestigd op een schitterende lokatie aan de Maas in Rotterdam. Het cafe is gelegen aan de voet&nbsp;van \u00e9\u00e9n van de oudste en mooiste watertorens van Nederland. Dit karakteristieke gebouw heeft een groot gedeelte van de Rotterdamse bevolking van 1875 tot en met 1977 voorzien van schoon drinkwater. &#8217;s&hellip;<\/p>\n","protected":false},"author":9,"featured_media":0,"parent":0,"menu_order":0,"comment_status":"closed","ping_status":"closed","template":"","meta":[],"class_list":["post-6","page","type-page","status-publish","hentry","description-off"],"_links":{"self":[{"href":"http:\/\/www.cafetomtom.com\/index.php\/wp-json\/wp\/v2\/pages\/6","targetHints":{"allow":["GET"]}}],"collection":[{"href":"http:\/\/www.cafetomtom.com\/index.php\/wp-json\/wp\/v2\/pages"}],"about":[{"href":"http:\/\/www.cafetomtom.com\/index.php\/wp-json\/wp\/v2\/types\/page"}],"author":[{"embeddable":true,"href":"http:\/\/www.cafetomtom.com\/index.php\/wp-json\/wp\/v2\/users\/9"}],"replies":[{"embeddable":true,"href":"http:\/\/www.cafetomtom.com\/index.php\/wp-json\/wp\/v2\/comments?post=6"}],"version-history":[{"count":150,"href":"http:\/\/www.cafetomtom.com\/index.php\/wp-json\/wp\/v2\/pages\/6\/revisions"}],"predecessor-version":[{"id":1409,"href":"http:\/\/www.cafetomtom.com\/index.php\/wp-json\/wp\/v2\/pages\/6\/revisions\/1409"}],"wp:attachment":[{"href":"http:\/\/www.cafetomtom.com\/index.php\/wp-json\/wp\/v2\/media?parent=6"}],"curies":[{"name":"wp","href":"https:\/\/api.w.org\/{rel}","templated":true}]}}